161. What is the remainder when n(0) is divided by 33?
29
Let t(g) = g**3 + g**2 - g + 43. Let b(f) = f**3 + 3*f**2 - 5*f - 4. Let o be b(-4). Suppose -s - 45 = -4*s. What is the remainder when t(o) is divided by s?
13
Suppose 0 = -3*z - z, 3*h - 60 = -2*z. Let c = -18 + h. What is the remainder when 5 is divided by c?
1
Calculate the remainder when 45 is divided by (-1)/2*-31 + 1/2.
13
Let q = 0 + 31. Let j = 0 - -8. What is the remainder when q is divided by j?
7
Suppose -3*y + 52 + 23 = 0. Suppose h + y = 6*h. What is the remainder when 9 is divided by h?
4
Let i(n) = 4*n - 1. Calculate the remainder when (153/(-18))/((-3)/6)*4 is divided by i(6).
22
Let y(x) = 25*x**2 + 3*x + 3. What is the remainder when y(-1) is divided by 13?
12
Suppose 41 = g - 47. Calculate the remainder when g is divided by 15.
13
Suppose 8*q - 550 = -3*q. What is the remainder when q is divided by 27?
23
What is the remainder when 67 is divided by (2 - -25) + (4 - (7 - -1))?
21
Suppose -5*i + 4*l + 34 + 1 = 0, 7 = i + 4*l. Let x(c) = -1 + 2*c**2 + 0*c + c + 1. What is the remainder when i is divided by x(1)?
1
Suppose -5*x + 35 = 5*h, -2*h - 4 = 5*x - 21. Calculate the remainder when 35 is divided by h.
5
Suppose 3*x + 5*c = -8, -2*x - 3*c = x. What is the remainder when 12 is divided by x?
0
Suppose -k = -4 + 2. Suppose -10 = -2*c + k. Suppose f - 6 = -5*z, 3*z = 3*f - z - 75. Calculate the remainder when f is divided by c.
3
Let j = 1 - -3. Suppose -j*k + 8*k = 68. Calculate the remainder when k is divided by 9.
8
What is the remainder when -62*((-28)/8 - -3) is divided by 8?
7
Let x be (-3 + 0)*20/(-30). Suppose x*d = -0*d + 82. What is the remainder when d is divided by 15?
11
Let j = -1409 - -534. Calculate the remainder when j/(-15) - 2/6 is divided by 15.
13
Let c = 34 - -17. Calculate the remainder when c is divided by 13.
12
Let n(y) = -5*y - 6. Calculate the remainder when 36 is divided by n(-5).
17
Let t(m) = 3*m - 16. Calculate the remainder when t(14) is divided by 14.
12
Suppose -5*q + 1 = 2*c, -3*q + q + 42 = 4*c. What is the remainder when 25 is divided by c?
12
Let v(y) = -7*y - 4. Suppose 5*f - 276 = 4*m, 2*f - 72 = 5*m + 52. Suppose -2*t = 2*t - f. What is the remainder when v(-4) is divided by t?
11
Suppose -10*g + 21 = -3*g. Suppose 15 = s + j, 0*j - 2*j + 45 = g*s. Suppose 0 = -3*v + 64 + 23. Calculate the remainder when v is divided by s.
14
What is the remainder when -15*(4 - (-188)/(-20)) is divided by 12?
9
Let p(o) = 42*o + 3. Let z(n) = 63*n + 5. Let h(c) = 8*p(c) - 5*z(c). Calculate the remainder when h(1) is divided by 7.
6
Let g(w) = 8*w - 29. What is the remainder when 30 is divided by g(6)?
11
Suppose -6*y + 4*y = 4, 0 = 4*s + 4*y - 8. Let a(k) be the third derivative of k**5/60 - k**3/6 - 2*k**2. Calculate the remainder when a(s) is divided by 8.
7
Let l be (-30)/4 + 1/(-2). Suppose s + 3 - 1 = 0. What is the remainder when ((-37)/(-4))/(s/l) is divided by 13?
11
Let y be 2/(-9) + (-275)/99. Let p = 14 + y. Calculate the remainder when p is divided by 4.
3
Suppose -3*s = 2*z - 13, -3*s + 10 = -z + 3. Suppose 2*n - 6*n = -3*g - 17, -s*g - 3 = 3*n. What is the remainder when (-5)/5 - (-42 + n) is divided by 20?
19
What is the remainder when ((-15)/6)/(4/(-8)) is divided by 5?
0
Suppose -2*r + 76 = 3*g, 2*r - 3*g = 18 + 34. Calculate the remainder when 60 is divided by r.
28
Suppose -17*u + 2492 = -10*u. What is the remainder when u is divided by 51?
50
Suppose -2*l + 2 = -34. What is the remainder when l is divided by 11?
7
Let w be (1/(-3))/((-1)/9). Suppose -2*c - w = f, -c - f = 2*c + 2. Suppose 2 = 3*k - 4. Calculate the remainder when k is divided by c.
0
Let i(h) = -4*h**3 + 2*h**2 - 11*h - 24. What is the remainder when i(-3) is divided by 35?
30
Let r = -22 - -30. Suppose -5*g = -3*i + 37, 3*i - 11 = -g - 4. Calculate the remainder when r is divided by -2*(g/2 - 0).
3
Let p(a) = a - 8. Let m be p(9). Let x(g) = 32*g - 1. Let u(l) = 16*l. Calculate the remainder when x(m) is divided by u(1).
15
Let j(z) = -z**2 - 6*z + 4. Let r(o) = o - 8. Let i be r(12). Suppose -i*d - 53 = -153. Calculate the remainder when d is divided by j(-5).
7
Calculate the remainder when 4/(-7) - 2052/(-63) is divided by 17.
15
Suppose 0 = -n - 5*s + 7, -n + 16 = s + s. Calculate the remainder when n is divided by 8.
6
Let y(w) = -w + 7. Let q be y(7). Suppose q = -a + 8 - 3. Let d(p) = -p**2 + 8*p + 5. What is the remainder when d(a) is divided by 7?
6
Let n(y) = y**2 + y + 4. Let a be n(-3). Suppose 5*h - a = 0, -3*h - 1 - 31 = -2*b. Calculate the remainder when 56 is divided by b.
18
Suppose -a - 43 = -2*d, -a = -5*d - 0*a + 106. Calculate the remainder when d is divided by 11.
10
Let v = 24 + -5. What is the remainder when 36 is divided by v?
17
Let p(o) = o**3 + 13*o**2 + 10*o - 9. Let t be p(-11). Let c = t + -61. What is the remainder when c is divided by 16?
14
Let i(x) = 1 + 0*x - 3*x**3 + 4*x**3 + 6*x**2 + 0*x + 6*x. Calculate the remainder when i(-4) is divided by 3.
0
Let b = -34 - -48. Let s(w) = 7*w**3 - 2*w**2 + 4*w - 3. What is the remainder when s(2) is divided by b?
11
Calculate the remainder when 348/8*(-8)/(-6) is divided by 13.
6
Suppose -2*p + 2 = -5*a - 22, 0 = p - 5*a - 17. Calculate the remainder when 11 is divided by (12/p)/(8/28).
5
Let k = 1 + -17. Calculate the remainder when (-61)/(-2) + (-8)/k is divided by 16.
15
Let k(q) = 2*q**2 + 37*q + 43. Calculate the remainder when k(-19) is divided by 14.
6
Suppose 3*b = 27 + 48. Let h = 15 - -57. Calculate the remainder when h is divided by b.
22
Let g = -97 - -115. What is the remainder when g is divided by (-1)/3 - (-62)/6?
8
Let q = 1 - -2. Suppose 5*m + 3*t - 5*t - 297 = 0, -3*t - 171 = -q*m. What is the remainder when m is divided by 21?
19
Suppose -h = -1 - 10. Let r = 4 + h. What is the remainder when 29 is divided by r?
14
Let k be 0/2*2/4. Suppose 0 = -2*x - 4*r + 22 + 8, -x + r + 9 = k. Suppose 6 = 3*q - 3, 5*q - 170 = -5*z. What is the remainder when z is divided by x?
9
Suppose 2*h - 4*h + 166 = -4*o, 5*o = 5*h - 415. Calculate the remainder when h is divided by 22.
17
Let m = 159 + -110. What is the remainder when m is divided by 17?
15
What is the remainder when 87 is divided by 0 + -1 + 7 + 13?
11
Let z = -16 - -28. What is the remainder when z is divided by 5?
2
Suppose 0 = -3*z - 4*w - 14, -3*z + 7*z + 5*w = -18. Calculate the remainder when (-151)/z + 3/(-6) is divided by 26.
23
Let m(f) = f**3 - 10*f**2 + 11*f + 12. Let p be m(9). Calculate the remainder when 5 is divided by 40/p*1*3.
1
Let h = -168 + 206. Calculate the remainder when h is divided by 2.
0
Let k(t) = 4*t**2 + t. Let r be k(-1). Suppose -2*h + 4*l = -10 - 8, 0 = -r*h + l + 32. Calculate the remainder when h is divided by 4.
3
Let l(y) = y**3 - 7*y**2 + 9. Calculate the remainder when 24 is divided by l(7).
6
Let t(g) = -g**3 + 3*g - 3. Let p be t(-3). Suppose 4 - p = -l. Suppose 5*x - 4*x = l. Calculate the remainder when 20 is divided by x.
9
Let o(h) = 22*h + 4. Let j be o(2). Let l = j - 31. Calculate the remainder when l is divided by 9.
8
Let w = 5 + -5. Let r = -16 - -22. Calculate the remainder when r is divided by w + 3/((-6)/(-8)).
2
Let j(o) be the first derivative of 7*o**3 - o - 1. Let t(b) = -4*b - 5. Calculate the remainder when j(1) is divided by t(-4).
9
Let l be (-4)/(-10) + 132/20. Let b(i) = -i + 14. Let w be b(l). Suppose -2*n - 12 = -4*x - w*n, -5*x + n = -15. What is the remainder when 5 is divided by x?
2
Suppose 0 = 5*k + 46 - 466. Suppose -5*b + k = -b. Calculate the remainder when b is divided by 6.
3
Let v = 80 + -51. Calculate the remainder when v is divided by 10.
9
Suppose -5*g - 2*p + 12 = 0, p - 8 = -5*g + 3*p. What is the remainder when 32 is divided by 1 + 17 - g/2?
15
Let h(z) = -z**2 + 12*z - 8. Let s be h(5). Suppose 2*b + b - s = 0. What is the remainder when 16 is divided by b?
7
Let c(j) = -1 - 6*j + 3*j - 4*j - j. Calculate the remainder when 1 - ((-42)/1 + -1) is divided by c(-2).
14
Let b(s) = -s**3 + 7*s**2 - 6*s. Let u be b(6). Suppose u = c + 3*c - 96. Calculate the remainder when 71 is divided by c.
23
Let j(b) = b**3 - 4*b**2 + 2*b - 1. Let x be j(3). Let c = x + 6. Suppose 2*u + c*u - 152 = 0. What is the remainder when u is divided by 13?
12
